{"id":107,"date":"2014-04-14T20:06:06","date_gmt":"2014-04-14T18:06:06","guid":{"rendered":"http:\/\/www.polovnictvotn.eu.sk\/?page_id=107"},"modified":"2025-12-04T07:58:42","modified_gmt":"2025-12-04T05:58:42","slug":"domov","status":"publish","type":"page","link":"http:\/\/www.polovnictvotn.eu.sk\/?page_id=107","title":{"rendered":"Kontakt"},"content":{"rendered":"<p style=\"padding-left: 480px;\"><script async=\"\" defer=\"\" crossorigin=\"anonymous\" src=\"https:\/\/connect.facebook.net\/sk_SK\/sdk.js#xfbml=1&amp;version=v8.0\" nonce=\"dIgorQFz\"><\/script><\/p>\n<div class=\"fb-page\" data-href=\"https:\/\/www.facebook.com\/Obvodn%C3%A1-po%C4%BEovn%C3%ADcka-komora-Tren%C4%8D%C3%ADn-106250307886921\" data-tabs=\"\" data-width=\"\" data-height=\"\" data-small-header=\"true\" data-adapt-container-width=\"true\" data-hide-cover=\"true\" data-show-facepile=\"false\">\n<blockquote class=\"fb-xfbml-parse-ignore\" cite=\"https:\/\/www.facebook.com\/Obvodn%C3%A1-po%C4%BEovn%C3%ADcka-komora-Tren%C4%8D%C3%ADn-106250307886921\">\n<p style=\"text-align: center;\"><a href=\"https:\/\/www.facebook.com\/Obvodn%C3%A1-po%C4%BEovn%C3%ADcka-komora-Tren%C4%8D%C3%ADn-106250307886921\">Obvodn\u00e1 po\u013eovn\u00edcka komora Tren\u010d\u00edn<\/a><\/p>\n<\/blockquote>\n<\/div>\n<p style=\"text-align: center;\"><span style=\"color: #000000;\"><strong>\u00a0Kancel\u00e1ria OPK Tren\u010d\u00edn a OkO SPZ Tren\u010d\u00edn<\/strong><\/span><\/p>\n\n\t\t<style type=\"text\/css\">\n\t\t\t#gallery-1 {\n\t\t\t\tmargin: auto;\n\t\t\t}\n\t\t\t#gallery-1 .gallery-item {\n\t\t\t\tfloat: left;\n\t\t\t\tmargin-top: 10px;\n\t\t\t\ttext-align: center;\n\t\t\t\twidth: 50%;\n\t\t\t}\n\t\t\t#gallery-1 img {\n\t\t\t\tborder: 2px solid #cfcfcf;\n\t\t\t}\n\t\t\t#gallery-1 .gallery-caption {\n\t\t\t\tmargin-left: 0;\n\t\t\t}\n\t\t\t\/* see gallery_shortcode() in wp-includes\/media.php *\/\n\t\t<\/style>\n\t\t<div id='gallery-1' class='gallery galleryid-107 gallery-columns-2 gallery-size-medium'><dl class='gallery-item'>\n\t\t\t<dt class='gallery-icon landscape'>\n\t\t\t\t<a class=\"boxersandswipers\" title=\"277924217_1368920746937078_6328117227587633707_n\" href='http:\/\/www.polovnictvotn.eu.sk\/wp-content\/uploads\/2022\/04\/277924217_1368920746937078_6328117227587633707_n.jpg'><img loading=\"lazy\" decoding=\"async\" width=\"300\" height=\"176\" src=\"http:\/\/www.polovnictvotn.eu.sk\/wp-content\/uploads\/2022\/04\/277924217_1368920746937078_6328117227587633707_n-300x176.jpg\" class=\"attachment-medium size-medium\" alt=\"\" aria-describedby=\"gallery-1-3674\" srcset=\"http:\/\/www.polovnictvotn.eu.sk\/wp-content\/uploads\/2022\/04\/277924217_1368920746937078_6328117227587633707_n-300x176.jpg 300w, http:\/\/www.polovnictvotn.eu.sk\/wp-content\/uploads\/2022\/04\/277924217_1368920746937078_6328117227587633707_n-768x450.jpg 768w, http:\/\/www.polovnictvotn.eu.sk\/wp-content\/uploads\/2022\/04\/277924217_1368920746937078_6328117227587633707_n.jpg 864w\" sizes=\"auto, (max-width: 300px) 100vw, 300px\" \/><\/a>\n\t\t\t<\/dt>\n\t\t\t\t<dd class='wp-caption-text gallery-caption' id='gallery-1-3674'>\n\t\t\t\tBudova z ulice Zlatovsk\u00e1 &#8211; vchod do are\u00e1lu\n\t\t\t\t<\/dd><\/dl><dl class='gallery-item'>\n\t\t\t<dt class='gallery-icon landscape'>\n\t\t\t\t<a class=\"boxersandswipers\" title=\"277897994_527915798777850_4538477488195008837_n\" href='http:\/\/www.polovnictvotn.eu.sk\/wp-content\/uploads\/2022\/04\/277897994_527915798777850_4538477488195008837_n.jpg'><img loading=\"lazy\" decoding=\"async\" width=\"300\" height=\"206\" src=\"http:\/\/www.polovnictvotn.eu.sk\/wp-content\/uploads\/2022\/04\/277897994_527915798777850_4538477488195008837_n-300x206.jpg\" class=\"attachment-medium size-medium\" alt=\"\" aria-describedby=\"gallery-1-3673\" srcset=\"http:\/\/www.polovnictvotn.eu.sk\/wp-content\/uploads\/2022\/04\/277897994_527915798777850_4538477488195008837_n-300x206.jpg 300w, http:\/\/www.polovnictvotn.eu.sk\/wp-content\/uploads\/2022\/04\/277897994_527915798777850_4538477488195008837_n.jpg 767w\" sizes=\"auto, (max-width: 300px) 100vw, 300px\" \/><\/a>\n\t\t\t<\/dt>\n\t\t\t\t<dd class='wp-caption-text gallery-caption' id='gallery-1-3673'>\n\t\t\t\tVchod zo zadnej strany budovy (v are\u00e1ly)\n\t\t\t\t<\/dd><\/dl><br style=\"clear: both\" \/>\n\t\t<\/div>\n\n<p style=\"text-align: center;\"><span style=\"color: #000000;\">vchod zo zadnej strany budovy, kancel\u00e1ria v suter\u00e9ne<\/span><\/p>\n<p style=\"text-align: center;\"><span style=\"color: #000000;\"><strong>\u00daradn\u00e9 hodiny:<\/strong><\/span><\/p>\n<p style=\"text-align: center;\"><strong><span style=\"color: #000000;\">pondelok: 06:30 &#8211; 14:00 hod.<\/span><\/strong><\/p>\n<p style=\"text-align: center;\"><strong><span style=\"color: #000000;\">utorok: 06:30 &#8211; 14:00 hod.<\/span><\/strong><\/p>\n<p style=\"text-align: center;\"><strong><span style=\"color: #000000;\">streda: 06:30 &#8211; 16:30 hod.<\/span><\/strong><\/p>\n<p style=\"text-align: center;\"><strong><span style=\"color: #000000;\">\u0161tvrtok: 06:30 &#8211; 14:00 hod.<\/span><\/strong><\/p>\n<p style=\"text-align: center;\"><strong><span style=\"color: #000000;\">piatok: 06:30 &#8211; 14:00 hod.<\/span><\/strong><\/p>\n<p style=\"text-align: center;\"><span style=\"color: #000000;\"><strong>prest\u00e1vka<\/strong><\/span><\/p>\n<p style=\"text-align: center;\"><strong><span style=\"color: #000000;\">11:00 &#8211; 11:30 hod.<\/span><\/strong><\/p>\n<p style=\"text-align: center;\"><span style=\"color: #000000;\"><strong>Kontakty:<\/strong><\/span><\/p>\n<p style=\"text-align: center;\"><span style=\"color: #000000;\"><strong>mobil: +421 948 021 128<\/strong><\/span><\/p>\n<p style=\"text-align: center;\"><span style=\"color: #000000;\"><strong>e-mail: trencin@opk.sk<\/strong><\/span><\/p>\n<p style=\"text-align: center;\"><span style=\"color: #000000;\"><strong>adresa: Zlatovsk\u00e1 27, 911 05 Tren\u010d\u00edn<\/strong><\/span><\/p>\n<p style=\"text-align: center;\"><span style=\"color: #000000;\"><strong>Parkovanie:\u00a0<\/strong>mo\u017enos\u0165 bezplatn\u00e9ho parkovania v are\u00e1ly<\/span><\/p>\n<p style=\"text-align: center;\"><span style=\"color: #000000;\"><strong>MHD:\u00a0<\/strong>zast\u00e1vka &#8222;Zlatovsk\u00e1 SAD&#8220; (linky \u010d. 5, 6, 7, 13, 17 a 27)<\/span><\/p>\n<p style=\"padding-left: 180px;\"><iframe loading=\"lazy\" style=\"border: 0;\" src=\"https:\/\/www.google.com\/maps\/embed?pb=!1m18!1m12!1m3!1d6657.768407449596!2d18.015436188714414!3d48.89387802852309!2m3!1f0!2f0!3f0!3m2!1i1024!2i768!4f13.1!3m3!1m2!1s0x4714a1984a2790f5%3A0x1f4240e6a2b6d799!2zWmxhdG92c2vDoSAyMTkwLzI3LCA5MTEgMDUgVHJlbsSNw61uLVpsYXRvdmNl!5e0!3m2!1ssk!2ssk!4v1648891203452!5m2!1ssk!2ssk\" width=\"400\" height=\"300\" allowfullscreen=\"allowfullscreen\"><\/iframe><\/p>\n","protected":false},"excerpt":{"rendered":"<p>Obvodn\u00e1 po\u013eovn\u00edcka komora Tren\u010d\u00edn \u00a0Kancel\u00e1ria OPK Tren\u010d\u00edn a OkO SPZ Tren\u010d\u00edn vchod zo zadnej strany budovy, kancel\u00e1ria v suter\u00e9ne \u00daradn\u00e9 hodiny: pondelok: 06:30 &#8211; 14:00 hod. utorok: 06:30 &#8211; 14:00 hod. streda: 06:30 &#8211; 16:30 hod. \u0161tvrtok: 06:30 &#8211; 14:00 hod. piatok: 06:30 &#8211; 14:00 hod. prest\u00e1vka 11:00 &#8211; 11:30 hod. Kontakty: mobil: +421 948 [&hellip;]<\/p>\n","protected":false},"author":1,"featured_media":0,"parent":0,"menu_order":0,"comment_status":"closed","ping_status":"closed","template":"","meta":{"footnotes":""},"class_list":["post-107","page","type-page","status-publish","hentry"],"jetpack_sharing_enabled":true,"_links":{"self":[{"href":"http:\/\/www.polovnictvotn.eu.sk\/index.php?rest_route=\/wp\/v2\/pages\/107","targetHints":{"allow":["GET"]}}],"collection":[{"href":"http:\/\/www.polovnictvotn.eu.sk\/index.php?rest_route=\/wp\/v2\/pages"}],"about":[{"href":"http:\/\/www.polovnictvotn.eu.sk\/index.php?rest_route=\/wp\/v2\/types\/page"}],"author":[{"embeddable":true,"href":"http:\/\/www.polovnictvotn.eu.sk\/index.php?rest_route=\/wp\/v2\/users\/1"}],"replies":[{"embeddable":true,"href":"http:\/\/www.polovnictvotn.eu.sk\/index.php?rest_route=%2Fwp%2Fv2%2Fcomments&post=107"}],"version-history":[{"count":55,"href":"http:\/\/www.polovnictvotn.eu.sk\/index.php?rest_route=\/wp\/v2\/pages\/107\/revisions"}],"predecessor-version":[{"id":6638,"href":"http:\/\/www.polovnictvotn.eu.sk\/index.php?rest_route=\/wp\/v2\/pages\/107\/revisions\/6638"}],"wp:attachment":[{"href":"http:\/\/www.polovnictvotn.eu.sk\/index.php?rest_route=%2Fwp%2Fv2%2Fmedia&parent=107"}],"curies":[{"name":"wp","href":"https:\/\/api.w.org\/{rel}","templated":true}]}}