{"id":1404,"date":"2015-12-18T00:12:03","date_gmt":"2015-12-17T22:12:03","guid":{"rendered":"http:\/\/www.polovnictvotn.eu.sk\/?page_id=1404"},"modified":"2015-12-20T23:25:51","modified_gmt":"2015-12-20T21:25:51","slug":"skusky-duricov-28-29-11-2015-trencianske-mitice","status":"publish","type":"page","link":"http:\/\/www.polovnictvotn.eu.sk\/?page_id=1404","title":{"rendered":"Sk\u00fa\u0161ky Duri\u010dov 28-29.11.2015 Tren\u010dianske Mitice"},"content":{"rendered":"<p><a class=\"boxersandswipers\" title=\"DSCN0641\" href=\"http:\/\/www.polovnictvotn.eu.sk\/wp-content\/uploads\/2015\/12\/DSCN0641.jpg\"><img loading=\"lazy\" decoding=\"async\" class=\"alignnone size-thumbnail wp-image-1433\" src=\"http:\/\/www.polovnictvotn.eu.sk\/wp-content\/uploads\/2015\/12\/DSCN0641-150x150.jpg\" alt=\"DSCN0641\" width=\"150\" height=\"150\" srcset=\"http:\/\/www.polovnictvotn.eu.sk\/wp-content\/uploads\/2015\/12\/DSCN0641-150x150.jpg 150w, http:\/\/www.polovnictvotn.eu.sk\/wp-content\/uploads\/2015\/12\/DSCN0641-300x300.jpg 300w, http:\/\/www.polovnictvotn.eu.sk\/wp-content\/uploads\/2015\/12\/DSCN0641.jpg 800w\" sizes=\"auto, (max-width: 150px) 100vw, 150px\" \/><\/a><a class=\"boxersandswipers\" title=\"DSCN0646\" href=\"http:\/\/www.polovnictvotn.eu.sk\/wp-content\/uploads\/2015\/12\/DSCN0646.jpg\"><img loading=\"lazy\" decoding=\"async\" class=\"alignnone size-thumbnail wp-image-1434\" src=\"http:\/\/www.polovnictvotn.eu.sk\/wp-content\/uploads\/2015\/12\/DSCN0646-150x150.jpg\" alt=\"DSCN0646\" width=\"150\" height=\"150\" srcset=\"http:\/\/www.polovnictvotn.eu.sk\/wp-content\/uploads\/2015\/12\/DSCN0646-150x150.jpg 150w, http:\/\/www.polovnictvotn.eu.sk\/wp-content\/uploads\/2015\/12\/DSCN0646-300x300.jpg 300w, http:\/\/www.polovnictvotn.eu.sk\/wp-content\/uploads\/2015\/12\/DSCN0646.jpg 800w\" sizes=\"auto, (max-width: 150px) 100vw, 150px\" \/><\/a><a class=\"boxersandswipers\" title=\"DSCN0652\" href=\"http:\/\/www.polovnictvotn.eu.sk\/wp-content\/uploads\/2015\/12\/DSCN0652.jpg\"><img loading=\"lazy\" decoding=\"async\" class=\"alignnone size-thumbnail wp-image-1435\" src=\"http:\/\/www.polovnictvotn.eu.sk\/wp-content\/uploads\/2015\/12\/DSCN0652-150x150.jpg\" alt=\"DSCN0652\" width=\"150\" height=\"150\" srcset=\"http:\/\/www.polovnictvotn.eu.sk\/wp-content\/uploads\/2015\/12\/DSCN0652-150x150.jpg 150w, http:\/\/www.polovnictvotn.eu.sk\/wp-content\/uploads\/2015\/12\/DSCN0652-300x300.jpg 300w, http:\/\/www.polovnictvotn.eu.sk\/wp-content\/uploads\/2015\/12\/DSCN0652.jpg 800w\" sizes=\"auto, (max-width: 150px) 100vw, 150px\" \/><\/a><a class=\"boxersandswipers\" title=\"DSCN0656\" href=\"http:\/\/www.polovnictvotn.eu.sk\/wp-content\/uploads\/2015\/12\/DSCN0656.jpg\"><img loading=\"lazy\" decoding=\"async\" class=\"alignnone size-thumbnail wp-image-1436\" src=\"http:\/\/www.polovnictvotn.eu.sk\/wp-content\/uploads\/2015\/12\/DSCN0656-150x150.jpg\" alt=\"DSCN0656\" width=\"150\" height=\"150\" srcset=\"http:\/\/www.polovnictvotn.eu.sk\/wp-content\/uploads\/2015\/12\/DSCN0656-150x150.jpg 150w, http:\/\/www.polovnictvotn.eu.sk\/wp-content\/uploads\/2015\/12\/DSCN0656-300x300.jpg 300w, http:\/\/www.polovnictvotn.eu.sk\/wp-content\/uploads\/2015\/12\/DSCN0656.jpg 800w\" sizes=\"auto, (max-width: 150px) 100vw, 150px\" \/><\/a><a class=\"boxersandswipers\" title=\"DSCN0658\" href=\"http:\/\/www.polovnictvotn.eu.sk\/wp-content\/uploads\/2015\/12\/DSCN0658.jpg\"><img loading=\"lazy\" decoding=\"async\" class=\"alignnone size-thumbnail wp-image-1437\" src=\"http:\/\/www.polovnictvotn.eu.sk\/wp-content\/uploads\/2015\/12\/DSCN0658-150x150.jpg\" alt=\"DSCN0658\" width=\"150\" height=\"150\" srcset=\"http:\/\/www.polovnictvotn.eu.sk\/wp-content\/uploads\/2015\/12\/DSCN0658-150x150.jpg 150w, http:\/\/www.polovnictvotn.eu.sk\/wp-content\/uploads\/2015\/12\/DSCN0658-300x300.jpg 300w, http:\/\/www.polovnictvotn.eu.sk\/wp-content\/uploads\/2015\/12\/DSCN0658.jpg 800w\" sizes=\"auto, (max-width: 150px) 100vw, 150px\" \/><\/a><a class=\"boxersandswipers\" title=\"IMG_1434\" href=\"http:\/\/www.polovnictvotn.eu.sk\/wp-content\/uploads\/2015\/12\/IMG_1434.jpg\"><img loading=\"lazy\" decoding=\"async\" class=\"alignnone size-thumbnail wp-image-1405\" src=\"http:\/\/www.polovnictvotn.eu.sk\/wp-content\/uploads\/2015\/12\/IMG_1434-150x150.jpg\" alt=\"IMG_1434\" width=\"150\" height=\"150\" \/><\/a> <a class=\"boxersandswipers\" title=\"IMG_1446\" href=\"http:\/\/www.polovnictvotn.eu.sk\/wp-content\/uploads\/2015\/12\/IMG_1446.jpg\"><img loading=\"lazy\" decoding=\"async\" class=\"alignnone size-thumbnail wp-image-1406\" src=\"http:\/\/www.polovnictvotn.eu.sk\/wp-content\/uploads\/2015\/12\/IMG_1446-150x150.jpg\" alt=\"IMG_1446\" width=\"150\" height=\"150\" \/><\/a> <a class=\"boxersandswipers\" title=\"IMG_1463\" href=\"http:\/\/www.polovnictvotn.eu.sk\/wp-content\/uploads\/2015\/12\/IMG_1463.jpg\"><img loading=\"lazy\" decoding=\"async\" class=\"alignnone size-thumbnail wp-image-1407\" src=\"http:\/\/www.polovnictvotn.eu.sk\/wp-content\/uploads\/2015\/12\/IMG_1463-150x150.jpg\" alt=\"IMG_1463\" width=\"150\" height=\"150\" \/><\/a> <a class=\"boxersandswipers\" title=\"IMG_1485\" href=\"http:\/\/www.polovnictvotn.eu.sk\/wp-content\/uploads\/2015\/12\/IMG_1485.jpg\"><img loading=\"lazy\" decoding=\"async\" class=\"alignnone size-thumbnail wp-image-1408\" src=\"http:\/\/www.polovnictvotn.eu.sk\/wp-content\/uploads\/2015\/12\/IMG_1485-150x150.jpg\" alt=\"IMG_1485\" width=\"150\" height=\"150\" \/><\/a> <a class=\"boxersandswipers\" title=\"IMG_1486\" href=\"http:\/\/www.polovnictvotn.eu.sk\/wp-content\/uploads\/2015\/12\/IMG_1486.jpg\"><img loading=\"lazy\" decoding=\"async\" class=\"alignnone size-thumbnail wp-image-1409\" src=\"http:\/\/www.polovnictvotn.eu.sk\/wp-content\/uploads\/2015\/12\/IMG_1486-150x150.jpg\" alt=\"IMG_1486\" width=\"150\" height=\"150\" \/><\/a> <a class=\"boxersandswipers\" title=\"IMG_1497\" href=\"http:\/\/www.polovnictvotn.eu.sk\/wp-content\/uploads\/2015\/12\/IMG_1497.jpg\"><img loading=\"lazy\" decoding=\"async\" class=\"alignnone size-thumbnail wp-image-1410\" src=\"http:\/\/www.polovnictvotn.eu.sk\/wp-content\/uploads\/2015\/12\/IMG_1497-150x150.jpg\" alt=\"IMG_1497\" width=\"150\" height=\"150\" \/><\/a> <a class=\"boxersandswipers\" title=\"IMG_1502\" href=\"http:\/\/www.polovnictvotn.eu.sk\/wp-content\/uploads\/2015\/12\/IMG_1502.jpg\"><img loading=\"lazy\" decoding=\"async\" class=\"alignnone size-thumbnail wp-image-1411\" src=\"http:\/\/www.polovnictvotn.eu.sk\/wp-content\/uploads\/2015\/12\/IMG_1502-150x150.jpg\" alt=\"IMG_1502\" width=\"150\" height=\"150\" \/><\/a> <a class=\"boxersandswipers\" title=\"IMG_1510\" href=\"http:\/\/www.polovnictvotn.eu.sk\/wp-content\/uploads\/2015\/12\/IMG_1510.jpg\"><img loading=\"lazy\" decoding=\"async\" class=\"alignnone size-thumbnail wp-image-1412\" src=\"http:\/\/www.polovnictvotn.eu.sk\/wp-content\/uploads\/2015\/12\/IMG_1510-150x150.jpg\" alt=\"IMG_1510\" width=\"150\" height=\"150\" \/><\/a> <a class=\"boxersandswipers\" title=\"IMG_1512\" href=\"http:\/\/www.polovnictvotn.eu.sk\/wp-content\/uploads\/2015\/12\/IMG_1512.jpg\"><img loading=\"lazy\" decoding=\"async\" class=\"alignnone size-thumbnail wp-image-1413\" src=\"http:\/\/www.polovnictvotn.eu.sk\/wp-content\/uploads\/2015\/12\/IMG_1512-150x150.jpg\" alt=\"IMG_1512\" width=\"150\" height=\"150\" \/><\/a> <a class=\"boxersandswipers\" title=\"IMG_1524\" href=\"http:\/\/www.polovnictvotn.eu.sk\/wp-content\/uploads\/2015\/12\/IMG_1524.jpg\"><img loading=\"lazy\" decoding=\"async\" class=\"alignnone size-thumbnail wp-image-1414\" src=\"http:\/\/www.polovnictvotn.eu.sk\/wp-content\/uploads\/2015\/12\/IMG_1524-150x150.jpg\" alt=\"IMG_1524\" width=\"150\" height=\"150\" \/><\/a> <a class=\"boxersandswipers\" title=\"IMG_1528\" href=\"http:\/\/www.polovnictvotn.eu.sk\/wp-content\/uploads\/2015\/12\/IMG_1528.jpg\"><img loading=\"lazy\" decoding=\"async\" class=\"alignnone size-thumbnail wp-image-1415\" src=\"http:\/\/www.polovnictvotn.eu.sk\/wp-content\/uploads\/2015\/12\/IMG_1528-150x150.jpg\" alt=\"IMG_1528\" width=\"150\" height=\"150\" \/><\/a> <a class=\"boxersandswipers\" title=\"IMG_1531\" href=\"http:\/\/www.polovnictvotn.eu.sk\/wp-content\/uploads\/2015\/12\/IMG_1531.jpg\"><img loading=\"lazy\" decoding=\"async\" class=\"alignnone size-thumbnail wp-image-1416\" src=\"http:\/\/www.polovnictvotn.eu.sk\/wp-content\/uploads\/2015\/12\/IMG_1531-150x150.jpg\" alt=\"IMG_1531\" width=\"150\" height=\"150\" \/><\/a> <a class=\"boxersandswipers\" title=\"IMG_1534\" href=\"http:\/\/www.polovnictvotn.eu.sk\/wp-content\/uploads\/2015\/12\/IMG_1534.jpg\"><img loading=\"lazy\" decoding=\"async\" class=\"alignnone size-thumbnail wp-image-1417\" src=\"http:\/\/www.polovnictvotn.eu.sk\/wp-content\/uploads\/2015\/12\/IMG_1534-150x150.jpg\" alt=\"IMG_1534\" width=\"150\" height=\"150\" \/><\/a> <a class=\"boxersandswipers\" title=\"IMG_1536\" href=\"http:\/\/www.polovnictvotn.eu.sk\/wp-content\/uploads\/2015\/12\/IMG_1536.jpg\"><img loading=\"lazy\" decoding=\"async\" class=\"alignnone size-thumbnail wp-image-1418\" src=\"http:\/\/www.polovnictvotn.eu.sk\/wp-content\/uploads\/2015\/12\/IMG_1536-150x150.jpg\" alt=\"IMG_1536\" width=\"150\" height=\"150\" \/><\/a> <a class=\"boxersandswipers\" title=\"IMG_1539\" href=\"http:\/\/www.polovnictvotn.eu.sk\/wp-content\/uploads\/2015\/12\/IMG_1539.jpg\"><img loading=\"lazy\" decoding=\"async\" class=\"alignnone size-thumbnail wp-image-1419\" src=\"http:\/\/www.polovnictvotn.eu.sk\/wp-content\/uploads\/2015\/12\/IMG_1539-150x150.jpg\" alt=\"IMG_1539\" width=\"150\" height=\"150\" \/><\/a> <a class=\"boxersandswipers\" title=\"IMG_1541\" href=\"http:\/\/www.polovnictvotn.eu.sk\/wp-content\/uploads\/2015\/12\/IMG_1541.jpg\"><img loading=\"lazy\" decoding=\"async\" class=\"alignnone size-thumbnail wp-image-1420\" src=\"http:\/\/www.polovnictvotn.eu.sk\/wp-content\/uploads\/2015\/12\/IMG_1541-150x150.jpg\" alt=\"IMG_1541\" width=\"150\" height=\"150\" \/><\/a> <a class=\"boxersandswipers\" title=\"IMG_1549\" href=\"http:\/\/www.polovnictvotn.eu.sk\/wp-content\/uploads\/2015\/12\/IMG_1549.jpg\"><img loading=\"lazy\" decoding=\"async\" class=\"alignnone size-thumbnail wp-image-1421\" src=\"http:\/\/www.polovnictvotn.eu.sk\/wp-content\/uploads\/2015\/12\/IMG_1549-150x150.jpg\" alt=\"IMG_1549\" width=\"150\" height=\"150\" \/><\/a><\/p>\n","protected":false},"excerpt":{"rendered":"","protected":false},"author":1,"featured_media":0,"parent":0,"menu_order":0,"comment_status":"open","ping_status":"closed","template":"","meta":{"footnotes":""},"class_list":["post-1404","page","type-page","status-publish","hentry"],"jetpack_sharing_enabled":true,"_links":{"self":[{"href":"http:\/\/www.polovnictvotn.eu.sk\/index.php?rest_route=\/wp\/v2\/pages\/1404","targetHints":{"allow":["GET"]}}],"collection":[{"href":"http:\/\/www.polovnictvotn.eu.sk\/index.php?rest_route=\/wp\/v2\/pages"}],"about":[{"href":"http:\/\/www.polovnictvotn.eu.sk\/index.php?rest_route=\/wp\/v2\/types\/page"}],"author":[{"embeddable":true,"href":"http:\/\/www.polovnictvotn.eu.sk\/index.php?rest_route=\/wp\/v2\/users\/1"}],"replies":[{"embeddable":true,"href":"http:\/\/www.polovnictvotn.eu.sk\/index.php?rest_route=%2Fwp%2Fv2%2Fcomments&post=1404"}],"version-history":[{"count":2,"href":"http:\/\/www.polovnictvotn.eu.sk\/index.php?rest_route=\/wp\/v2\/pages\/1404\/revisions"}],"predecessor-version":[{"id":1438,"href":"http:\/\/www.polovnictvotn.eu.sk\/index.php?rest_route=\/wp\/v2\/pages\/1404\/revisions\/1438"}],"wp:attachment":[{"href":"http:\/\/www.polovnictvotn.eu.sk\/index.php?rest_route=%2Fwp%2Fv2%2Fmedia&parent=1404"}],"curies":[{"name":"wp","href":"https:\/\/api.w.org\/{rel}","templated":true}]}}