{"id":1585,"date":"2016-07-06T14:09:45","date_gmt":"2016-07-06T12:09:45","guid":{"rendered":"http:\/\/www.polovnictvotn.eu.sk\/?page_id=1585"},"modified":"2016-07-06T14:17:03","modified_gmt":"2016-07-06T12:17:03","slug":"zasadnutie-rady-rgo-spz-a-opk-trencin-30-06-2016-trencianske-stankovce","status":"publish","type":"page","link":"http:\/\/www.polovnictvotn.eu.sk\/?page_id=1585","title":{"rendered":"Zasadnutie rady RgO SPZ a OPK Tren\u010d\u00edn 30.06.2016 Tren\u010dianske Stankovce"},"content":{"rendered":"<p><a class=\"boxersandswipers\" title=\"DSC_8451\" href=\"http:\/\/www.polovnictvotn.eu.sk\/wp-content\/uploads\/2016\/07\/DSC_8451.jpg\"><img loading=\"lazy\" decoding=\"async\" class=\"alignnone size-thumbnail wp-image-1597\" src=\"http:\/\/www.polovnictvotn.eu.sk\/wp-content\/uploads\/2016\/07\/DSC_8451-150x150.jpg\" alt=\"DSC_8451\" width=\"150\" height=\"150\" \/><\/a> <a class=\"boxersandswipers\" title=\"DSC_8464\" href=\"http:\/\/www.polovnictvotn.eu.sk\/wp-content\/uploads\/2016\/07\/DSC_8464.jpg\"><img loading=\"lazy\" decoding=\"async\" class=\"alignnone size-thumbnail wp-image-1598\" src=\"http:\/\/www.polovnictvotn.eu.sk\/wp-content\/uploads\/2016\/07\/DSC_8464-150x150.jpg\" alt=\"DSC_8464\" width=\"150\" height=\"150\" \/><\/a> <a class=\"boxersandswipers\" title=\"DSC_8480\" href=\"http:\/\/www.polovnictvotn.eu.sk\/wp-content\/uploads\/2016\/07\/DSC_8480.jpg\"><img loading=\"lazy\" decoding=\"async\" class=\"alignnone size-thumbnail wp-image-1599\" src=\"http:\/\/www.polovnictvotn.eu.sk\/wp-content\/uploads\/2016\/07\/DSC_8480-150x150.jpg\" alt=\"DSC_8480\" width=\"150\" height=\"150\" \/><\/a> <a class=\"boxersandswipers\" title=\"DSC_8507\" href=\"http:\/\/www.polovnictvotn.eu.sk\/wp-content\/uploads\/2016\/07\/DSC_8507.jpg\"><img loading=\"lazy\" decoding=\"async\" class=\"alignnone size-thumbnail wp-image-1600\" src=\"http:\/\/www.polovnictvotn.eu.sk\/wp-content\/uploads\/2016\/07\/DSC_8507-150x150.jpg\" alt=\"DSC_8507\" width=\"150\" height=\"150\" \/><\/a> <a class=\"boxersandswipers\" title=\"DSC_8511\" href=\"http:\/\/www.polovnictvotn.eu.sk\/wp-content\/uploads\/2016\/07\/DSC_8511.jpg\"><img loading=\"lazy\" decoding=\"async\" class=\"alignnone size-thumbnail wp-image-1601\" src=\"http:\/\/www.polovnictvotn.eu.sk\/wp-content\/uploads\/2016\/07\/DSC_8511-150x150.jpg\" alt=\"DSC_8511\" width=\"150\" height=\"150\" \/><\/a> <a class=\"boxersandswipers\" title=\"DSC_8519\" href=\"http:\/\/www.polovnictvotn.eu.sk\/wp-content\/uploads\/2016\/07\/DSC_8519.jpg\"><img loading=\"lazy\" decoding=\"async\" class=\"alignnone size-thumbnail wp-image-1602\" src=\"http:\/\/www.polovnictvotn.eu.sk\/wp-content\/uploads\/2016\/07\/DSC_8519-150x150.jpg\" alt=\"DSC_8519\" width=\"150\" height=\"150\" \/><\/a> <a class=\"boxersandswipers\" title=\"DSC_8579\" href=\"http:\/\/www.polovnictvotn.eu.sk\/wp-content\/uploads\/2016\/07\/DSC_8579.jpg\"><img loading=\"lazy\" decoding=\"async\" class=\"alignnone size-thumbnail wp-image-1603\" src=\"http:\/\/www.polovnictvotn.eu.sk\/wp-content\/uploads\/2016\/07\/DSC_8579-150x150.jpg\" alt=\"DSC_8579\" width=\"150\" height=\"150\" \/><\/a> <a class=\"boxersandswipers\" title=\"DSC_8594\" href=\"http:\/\/www.polovnictvotn.eu.sk\/wp-content\/uploads\/2016\/07\/DSC_8594.jpg\"><img loading=\"lazy\" decoding=\"async\" class=\"alignnone size-thumbnail wp-image-1604\" src=\"http:\/\/www.polovnictvotn.eu.sk\/wp-content\/uploads\/2016\/07\/DSC_8594-150x150.jpg\" alt=\"DSC_8594\" width=\"150\" height=\"150\" \/><\/a> <a class=\"boxersandswipers\" title=\"DSC_8604\" href=\"http:\/\/www.polovnictvotn.eu.sk\/wp-content\/uploads\/2016\/07\/DSC_8604.jpg\"><img loading=\"lazy\" decoding=\"async\" class=\"alignnone size-thumbnail wp-image-1605\" src=\"http:\/\/www.polovnictvotn.eu.sk\/wp-content\/uploads\/2016\/07\/DSC_8604-150x150.jpg\" alt=\"DSC_8604\" width=\"150\" height=\"150\" \/><\/a> <a class=\"boxersandswipers\" title=\"DSC_8635\" href=\"http:\/\/www.polovnictvotn.eu.sk\/wp-content\/uploads\/2016\/07\/DSC_8635.jpg\"><img loading=\"lazy\" decoding=\"async\" class=\"alignnone size-thumbnail wp-image-1606\" src=\"http:\/\/www.polovnictvotn.eu.sk\/wp-content\/uploads\/2016\/07\/DSC_8635-150x150.jpg\" alt=\"DSC_8635\" width=\"150\" height=\"150\" \/><\/a> <a class=\"boxersandswipers\" title=\"DSC_8666\" href=\"http:\/\/www.polovnictvotn.eu.sk\/wp-content\/uploads\/2016\/07\/DSC_8666.jpg\"><img loading=\"lazy\" decoding=\"async\" class=\"alignnone size-thumbnail wp-image-1607\" src=\"http:\/\/www.polovnictvotn.eu.sk\/wp-content\/uploads\/2016\/07\/DSC_8666-150x150.jpg\" alt=\"DSC_8666\" width=\"150\" height=\"150\" \/><\/a> <a class=\"boxersandswipers\" title=\"DSC_8675\" href=\"http:\/\/www.polovnictvotn.eu.sk\/wp-content\/uploads\/2016\/07\/DSC_8675.jpg\"><img loading=\"lazy\" decoding=\"async\" class=\"alignnone size-thumbnail wp-image-1608\" src=\"http:\/\/www.polovnictvotn.eu.sk\/wp-content\/uploads\/2016\/07\/DSC_8675-150x150.jpg\" alt=\"DSC_8675\" width=\"150\" height=\"150\" \/><\/a> <a class=\"boxersandswipers\" title=\"DSC_8445\" href=\"http:\/\/www.polovnictvotn.eu.sk\/wp-content\/uploads\/2016\/07\/DSC_8445.jpg\"><img loading=\"lazy\" decoding=\"async\" class=\"alignnone size-thumbnail wp-image-1595\" src=\"http:\/\/www.polovnictvotn.eu.sk\/wp-content\/uploads\/2016\/07\/DSC_8445-150x150.jpg\" alt=\"DSC_8445\" width=\"150\" height=\"150\" \/><\/a> <a class=\"boxersandswipers\" title=\"DSC_8441\" href=\"http:\/\/www.polovnictvotn.eu.sk\/wp-content\/uploads\/2016\/07\/DSC_8441.jpg\"><img loading=\"lazy\" decoding=\"async\" class=\"alignnone size-thumbnail wp-image-1594\" src=\"http:\/\/www.polovnictvotn.eu.sk\/wp-content\/uploads\/2016\/07\/DSC_8441-150x150.jpg\" alt=\"DSC_8441\" width=\"150\" height=\"150\" \/><\/a> <a class=\"boxersandswipers\" title=\"DSC_8430\" href=\"http:\/\/www.polovnictvotn.eu.sk\/wp-content\/uploads\/2016\/07\/DSC_8430.jpg\"><img loading=\"lazy\" decoding=\"async\" class=\"alignnone size-thumbnail wp-image-1593\" src=\"http:\/\/www.polovnictvotn.eu.sk\/wp-content\/uploads\/2016\/07\/DSC_8430-150x150.jpg\" alt=\"DSC_8430\" width=\"150\" height=\"150\" \/><\/a> <a class=\"boxersandswipers\" title=\"DSC_8357\" href=\"http:\/\/www.polovnictvotn.eu.sk\/wp-content\/uploads\/2016\/07\/DSC_8357.jpg\"><img loading=\"lazy\" decoding=\"async\" class=\"alignnone size-thumbnail wp-image-1588\" src=\"http:\/\/www.polovnictvotn.eu.sk\/wp-content\/uploads\/2016\/07\/DSC_8357-150x150.jpg\" alt=\"DSC_8357\" width=\"150\" height=\"150\" \/><\/a> <a class=\"boxersandswipers\" title=\"DSC_8358\" href=\"http:\/\/www.polovnictvotn.eu.sk\/wp-content\/uploads\/2016\/07\/DSC_8358.jpg\"><img loading=\"lazy\" decoding=\"async\" class=\"alignnone size-thumbnail wp-image-1589\" src=\"http:\/\/www.polovnictvotn.eu.sk\/wp-content\/uploads\/2016\/07\/DSC_8358-150x150.jpg\" alt=\"DSC_8358\" width=\"150\" height=\"150\" \/><\/a> <a class=\"boxersandswipers\" title=\"DSC_8367\" href=\"http:\/\/www.polovnictvotn.eu.sk\/wp-content\/uploads\/2016\/07\/DSC_8367.jpg\"><img loading=\"lazy\" decoding=\"async\" class=\"alignnone size-thumbnail wp-image-1590\" src=\"http:\/\/www.polovnictvotn.eu.sk\/wp-content\/uploads\/2016\/07\/DSC_8367-150x150.jpg\" alt=\"DSC_8367\" width=\"150\" height=\"150\" \/><\/a> <a class=\"boxersandswipers\" title=\"DSC_8414\" href=\"http:\/\/www.polovnictvotn.eu.sk\/wp-content\/uploads\/2016\/07\/DSC_8414.jpg\"><img loading=\"lazy\" decoding=\"async\" class=\"alignnone size-thumbnail wp-image-1591\" src=\"http:\/\/www.polovnictvotn.eu.sk\/wp-content\/uploads\/2016\/07\/DSC_8414-150x150.jpg\" alt=\"DSC_8414\" width=\"150\" height=\"150\" \/><\/a> <a class=\"boxersandswipers\" title=\"DSC_8423\" href=\"http:\/\/www.polovnictvotn.eu.sk\/wp-content\/uploads\/2016\/07\/DSC_8423.jpg\"><img loading=\"lazy\" decoding=\"async\" class=\"alignnone size-thumbnail wp-image-1592\" src=\"http:\/\/www.polovnictvotn.eu.sk\/wp-content\/uploads\/2016\/07\/DSC_8423-150x150.jpg\" alt=\"DSC_8423\" width=\"150\" height=\"150\" \/><\/a> <a class=\"boxersandswipers\" title=\"DSC_8356\" href=\"http:\/\/www.polovnictvotn.eu.sk\/wp-content\/uploads\/2016\/07\/DSC_8356.jpg\"><img loading=\"lazy\" decoding=\"async\" class=\"alignnone size-thumbnail wp-image-1587\" src=\"http:\/\/www.polovnictvotn.eu.sk\/wp-content\/uploads\/2016\/07\/DSC_8356-150x150.jpg\" alt=\"DSC_8356\" width=\"150\" height=\"150\" \/><\/a> <a class=\"boxersandswipers\" title=\"DSC_8355\" href=\"http:\/\/www.polovnictvotn.eu.sk\/wp-content\/uploads\/2016\/07\/DSC_8355.jpg\"><img loading=\"lazy\" decoding=\"async\" class=\"alignnone size-thumbnail wp-image-1586\" src=\"http:\/\/www.polovnictvotn.eu.sk\/wp-content\/uploads\/2016\/07\/DSC_8355-150x150.jpg\" alt=\"DSC_8355\" width=\"150\" height=\"150\" \/><\/a> <a class=\"boxersandswipers\" href=\"http:\/\/www.polovnictvotn.eu.sk\/wp-content\/uploads\/2014\/04\/DSC_8350.jpg\"><img loading=\"lazy\" decoding=\"async\" class=\"alignnone size-thumbnail wp-image-1582\" src=\"http:\/\/www.polovnictvotn.eu.sk\/wp-content\/uploads\/2014\/04\/DSC_8350-150x150.jpg\" alt=\"DSC_8350\" width=\"150\" height=\"150\" \/><\/a> <a class=\"boxersandswipers\" href=\"http:\/\/www.polovnictvotn.eu.sk\/wp-content\/uploads\/2014\/04\/DSC_8341.jpg\"><img loading=\"lazy\" decoding=\"async\" class=\"alignnone size-thumbnail wp-image-1581\" src=\"http:\/\/www.polovnictvotn.eu.sk\/wp-content\/uploads\/2014\/04\/DSC_8341-150x150.jpg\" alt=\"DSC_8341\" width=\"150\" height=\"150\" \/><\/a> <a class=\"boxersandswipers\" href=\"http:\/\/www.polovnictvotn.eu.sk\/wp-content\/uploads\/2014\/04\/DSC_8338.jpg\"><img loading=\"lazy\" decoding=\"async\" class=\"alignnone size-thumbnail wp-image-1580\" src=\"http:\/\/www.polovnictvotn.eu.sk\/wp-content\/uploads\/2014\/04\/DSC_8338-150x150.jpg\" alt=\"DSC_8338\" width=\"150\" height=\"150\" \/><\/a><\/p>\n","protected":false},"excerpt":{"rendered":"","protected":false},"author":1,"featured_media":0,"parent":0,"menu_order":0,"comment_status":"open","ping_status":"closed","template":"","meta":{"footnotes":""},"class_list":["post-1585","page","type-page","status-publish","hentry"],"jetpack_sharing_enabled":true,"_links":{"self":[{"href":"http:\/\/www.polovnictvotn.eu.sk\/index.php?rest_route=\/wp\/v2\/pages\/1585","targetHints":{"allow":["GET"]}}],"collection":[{"href":"http:\/\/www.polovnictvotn.eu.sk\/index.php?rest_route=\/wp\/v2\/pages"}],"about":[{"href":"http:\/\/www.polovnictvotn.eu.sk\/index.php?rest_route=\/wp\/v2\/types\/page"}],"author":[{"embeddable":true,"href":"http:\/\/www.polovnictvotn.eu.sk\/index.php?rest_route=\/wp\/v2\/users\/1"}],"replies":[{"embeddable":true,"href":"http:\/\/www.polovnictvotn.eu.sk\/index.php?rest_route=%2Fwp%2Fv2%2Fcomments&post=1585"}],"version-history":[{"count":3,"href":"http:\/\/www.polovnictvotn.eu.sk\/index.php?rest_route=\/wp\/v2\/pages\/1585\/revisions"}],"predecessor-version":[{"id":1610,"href":"http:\/\/www.polovnictvotn.eu.sk\/index.php?rest_route=\/wp\/v2\/pages\/1585\/revisions\/1610"}],"wp:attachment":[{"href":"http:\/\/www.polovnictvotn.eu.sk\/index.php?rest_route=%2Fwp%2Fv2%2Fmedia&parent=1585"}],"curies":[{"name":"wp","href":"https:\/\/api.w.org\/{rel}","templated":true}]}}