{"id":2152,"date":"2018-02-19T12:14:08","date_gmt":"2018-02-19T10:14:08","guid":{"rendered":"http:\/\/www.polovnictvotn.eu.sk\/?page_id=2152"},"modified":"2018-02-19T12:20:43","modified_gmt":"2018-02-19T10:20:43","slug":"smernica-spz","status":"publish","type":"page","link":"http:\/\/www.polovnictvotn.eu.sk\/?page_id=2152","title":{"rendered":"Smernica SPZ"},"content":{"rendered":"<p><strong>Smernica Slovensk\u00e9ho po\u013eovn\u00edckeho zv\u00e4zu o ude\u013eovan\u00ed vyznamenan\u00ed\u00a0<\/strong><\/p>\n<p>\u010cl\u00e1nok I &#8211; Druhy vyznamenan\u00ed \u010cl\u00e1nok II &#8211; Vyznamenania SPZ<\/p>\n<ol>\n<li>Bronzova medaila SPZ za vyznamne zasluhy o rozvoj pol\u2019ovmctva na Slovensku<\/li>\n<li>Strieborna medaila SPZ za vyznamne zasluhy o rozvoj pol\u2019ovmctva na Slovensku<\/li>\n<li>Zlata medaila SPZ za vyznamne zasluhy o rozvoj pol\u2019ovmctva na Slovensku<\/li>\n<li>Zlaty kamzik<\/li>\n<li>Medaila svateho Huberta Slovenskeho pol\u2019ovmckeho zvazu Clanok III &#8211; Pamatne medaile<\/li>\n<li>Pamatna medaila k 50. Vyrociu clenstva v CSMS a SPZ<\/li>\n<li>Pamatna medaila prezidenta SPZ<\/li>\n<li>Pamatna medaila k jubileu SPZ Clanok IV &#8211; Spolocne ustanovenia<\/li>\n<\/ol>\n<p>Clanok V &#8211; Sposob odovzdavania a nosenia vyznamenani Clanok VI &#8211; Zaverecne ustanovenia<\/p>\n<p>Slovensky pol\u2019ovmcky zvaz (d\u2019alej len SPZ) kazdorocne ocenuje svojich clenov, cestnych clenov SPZ, pracovnikov organizacnych jednotiek SPZ a veducich kruzkov mladych priatel\u2019ov pol\u2019ovmctva (d\u2019alej len KMPP), ktory svojou vyznamnou cinnosfou, alebo mimoriadnymi zasluhami prispeli k rozvoju slovenskeho pol\u2019ovmctva, ochrane prirody a zivotneho prostredia ako aj pri ostatnych cinnostiach suvisiacich s pol\u2019ovnictvom doma alebo v zahranici.<\/p>\n<p>Clanok I &#8211; Druhy vyznamenanf<\/p>\n<ol>\n<li>V zmysle stanov SPZ \u00a7 3 ods. 11 udel\u2019uje SPZ tieto zvazove vyznamenania:<\/li>\n<li>Bronzovu medailu SPZ za vyznamne zasluhy o rozvoj pol\u2019ovnictva na Slovensku.<\/li>\n<li>Striebornu medailu SPZ za vyznamne zasluhy o rozvoj pol\u2019ovnictva na Slovensku.<\/li>\n<li>Zlatu medailu SPZ za vyznamne zasluhy o rozvoj pol\u2019ovnlctva na Slovensku.<\/li>\n<li>Zlaty kamzik.<\/li>\n<li>Medaila svateho Huberta.<\/li>\n<li>Pamatna medaila k 50. vyrociu clenstva v SPZ.<\/li>\n<li>Pamatna medaila prezidenta SPZ.<\/li>\n<li>Pamatna medaila k jubileu SPZ.<\/li>\n<li>Vyznamenanie a pamatna medaila sa mozu udelif:<\/li>\n<li>Clenom, funkcionarom a pracovnikom SPZ,<\/li>\n<li>Cestnym clenom, byvalym funkcionarom a pracovnikom SPZ,<\/li>\n<li>Organizacnym jednotkam SPZ,<\/li>\n<li>Veducim kruzkov mladych priatefov pofovnictva.<\/li>\n<li>Inym pravnickym resp. fyzickym osobam<\/li>\n<\/ol>\n<p>Clanok II &#8211; Vyznamenania SPZ<\/p>\n<ol>\n<li>Bronzova medaila SPZ za vyznamne zasluhy o rozvoj pol\u2019ovrn&#8217;ctva na Slovensku<\/li>\n<\/ol>\n<p>(dalej len bronzova medaila SPZ)<\/p>\n<ol>\n<li>Vyznamenanie pozostava z bronzovej medaile, bronzoveho odznaku a diplomu. Ak vyznamenanie udeluje OkO, alebo RgO SPZ, diplom podpisuje predseda a tajomnik OkO, alebo RgO SPZ, ak vyznamenanie udeluje rada alebo prez^dium SPZ, diplom podpisuje prezident a viceprezident SPZ.<\/li>\n<li>Navrh na udelenie bronzovej medaily SPZ moze podaf:<\/li>\n<li>fyzickvm osobam &#8211; polovmcke zdruzenie, OkO, alebo RgO SPZ, zaujmove kluby SPZ, kynologicka rada SPZ, vyssie organy SPZ a pol\u2019ovnicka organizacia, ktorej clenmi su aj clenovia SPZ,<\/li>\n<li>poFovnickym zdruzeniam &#8211; OkO, alebo RgO SPZ, zaujmove kluby SPZ, kynologicka rada SPZ a vyssie organy SPZ,<\/li>\n<li>OkO, alebo RgO SPZ &#8211; odborne komisie SPZ, zaujmove kluby SPZ, kynologicka rada SPZ, prezidium alebo rada SPZ,<\/li>\n<li>zaujmove kluby SPZ &#8211; odborne komisie SPZ, kynologicka rada SPZ, prezidium alebo rada SPZ.<\/li>\n<li>Bronzovu medailu SPZ udeluje:<\/li>\n<li>fVzickvm osobam &#8211; predstavenstvo OkO, alebo RgO SPZ za aktivnu pracu v pol\u2019ovnictve, ak navrhnuty aktivne pracoval v SPZ najmenej 10 rokov, alebo bol veducim KMPP minimalne 10 rokov,<\/li>\n<li>poFovnickym zdruzeniam &#8211; predstavenstvo OkO, alebo RgO SPZ za dlhorocne dosahovanie dobrych vysledkov pri plneni uloh alebo za kvalitne zabezpecenie akcii okresneho alebo celoslovenskeho vyznamu,<\/li>\n<li>OkO, alebo RgO SPZ &#8211; prezidium SPZ za dlhorocne dosahovanie dobrych vysledkov pri plnem uloh, alebo za kvalitne zabezpecenie akcii okresneho alebo celoslovenskeho vyznamu,<\/li>\n<li>kynologickym a zaujmovym klubom SPZ &#8211; prezidium SPZ za dlhorocne dosahovanie dobrych vysledkov pri plnem uloh alebo za kvalitne zabezpecenie akcii okresneho alebo celoslovenskeho vyznamu.<\/li>\n<li>Strieborna medaila SPZ za vyznamne zasluhy o rozvoj pol\u2019ovrn&#8217;ctva na Slovensku<\/li>\n<\/ol>\n<p>(dalej len strieborna medaila SPZ)<\/p>\n<ol>\n<li>Vyznamenanie pozostava zo striebornej medaily, strieborneho odznaku a diplomu. Ak vyznamenanie udeFuje OkO, alebo RgO SPZ, diplom podpisuje predseda a tajomnik OkO, alebo RgO SPZ ak vyznamenanie udeFuje rada alebo prezidium SPZ, diplom podpisuje prezident a viceprezident SPZ.<\/li>\n<li>Navrh na udelenie striebornej medaily SPZ moze podaf:<\/li>\n<li>fyzickym osobam &#8211; poFovnicke zdruzenie, OkO, alebo RgO SPZ, zaujmove kluby SPZ, kynologicka rada SPZ, vyssie organy SPZ a poFovn^cka organizacia, ktorej clenmi su aj clenovia SPZ,<\/li>\n<li>poFovnickym zdruzeniam &#8211; OkO, alebo RgO SPZ, zaujmove kuby SPZ, kynologicka rada SPZ a vyssie organy SPZ,<\/li>\n<li>OkO, alebo RgO SPZ &#8211; odborne komisie SPZ, zaujmove kluby SPZ, kynologicka rada SPZ, prezidium alebo rada SPZ, zaujmove kluby SPZ &#8211; odborne komisie SPZ, kynologicka rada SPZ, prezidium alebo rada SPZ.<\/li>\n<li>Striebornu medailu SPZ udel\u2019uje:<\/li>\n<li>fyzickym osobam &#8211; predstavenstvo OkO, alebo RgO SPZ,<\/li>\n<\/ol>\n<ul>\n<li>ak navrhovany aktivne pracoval v SPZ minimalne 20 rokov,<\/li>\n<li>ak navrhovany aktivne pracoval v SPZ minimalne 15 rokov, z toho 5 rokov vo funkcii s okresnou, alebo celoslovenskou posobnost\u2019ou, vo vybore PZ, alebo v organoch zaujmovych klubov SPZ, alebo je minimalne 10 rokov aktivnym clenom zaujmoveho klubu SPZ, mimoriadne prispel k cinnosti PZ, (reprezentacia PZ, SPZ a podobne), alebo bol veducim KMPP minimalne 15 rokov,<\/li>\n<\/ul>\n<ol>\n<li>poFovnickym zdruzeniam &#8211; rada OkO, alebo RgO SPZ za dlhorocne dosahovanie dobrych vysledkov pri plnen^ uloh za kvalitne zabezpecenie akci^ okresneho alebo celoslovenskeho vyznamu, existujucich minimalne 15 rokov,<\/li>\n<li>alebo RgO SPZ &#8211; prezidium SPZ za dlhorocne dosahovanie dobrych vysledkov pri plneni uloh alebo za kvalitne zabezpecenie akcii okresneho alebo celoslovenskeho vyznamu,<\/li>\n<li>kynologickym a zaujmovym klubom SPZ &#8211; prezidium SPZ za dlhorocne dosahovanie dobrych vysledkov pri plneni uloh, alebo za kvalitne zabezpecenie akcii okresneho alebo celoslovenskeho vyznamu.<\/li>\n<li>Striebornu medailu SPZ mozno udelit, ak od udelenia bronzovej medaily uplynulo minimalne 5 rokov.<\/li>\n<li>Zlata medaila SPZ za vyznamne zasluhy o rozvoj pol\u2019ovm&#8217;ctva na Slovensku<\/li>\n<\/ol>\n<p>(dalej len zlata medaila SPZ)<\/p>\n<ol>\n<li>Vyznamenanie pozostava zo zlatej medaily, zlateho odznaku a diplomu podp^saneho prezidentom a jednym z viceprezidentov SPZ.<\/li>\n<li>Navrh na udelenie zlatej medaily SPZ moze podaf:<\/li>\n<li>fyzickym osobam &#8211; pol\u2019ovmcke zdruzenie, OkO, alebo RgO SPZ, zaujmove kluby SPZ, kynologicka rada SPZ, vyssie organy SPZ a pol\u2019ovmcka organizacia, ktorej clenmi su aj clenovia SPZ,<\/li>\n<li>poFovnickym zdruzeniam &#8211; OkO, alebo RgO SPZ, zaujmove kluby SPZ, kynologicka rada SPZ a vyssie organy SPZ,<\/li>\n<li>OkO, alebo RgO SPZ &#8211; odborne komisie SPZ, kynologicka rada SPZ, prezidium alebo rada SPZ,<\/li>\n<li>zaujmovvm klubom SPZ &#8211; odborne komisie SPZ, kynologicka rada SPZ, prezidium alebo rada SPZ.<\/li>\n<li>Zlatu medailu SPZ udeluje prezidium SPZ:<\/li>\n<li>fVzickvm osobam, ak :<\/li>\n<\/ol>\n<ul>\n<li>navrhovany aktivne\u00a0\u00a0\u00a0 pracoval\u00a0\u00a0\u00a0\u00a0 v\u00a0\u00a0\u00a0 SPZ\u00a0\u00a0 minimalne<\/li>\n<\/ul>\n<p>25 rokov<\/p>\n<ul>\n<li>navrhovany aktivne\u00a0\u00a0\u00a0 pracoval\u00a0\u00a0\u00a0\u00a0 v\u00a0\u00a0\u00a0 SPZ\u00a0\u00a0 minimalne<\/li>\n<\/ul>\n<p>20 rokov, z toho 5 rokov vo funkcii s okresnou posobnost\u2019ou, alebo organoch zaujmovych klubov SPZ, alebo je minimalne 15 rokov aktivnym clenom zaujmoveho klubu SPZ, mimoriadne prispel k cinnosti PZ (reprezentacia PZ, SPZ a podobne), alebo 10 rokov vo vybore PZ,<\/p>\n<ul>\n<li>navrhovany aktivne\u00a0\u00a0\u00a0 pracoval\u00a0\u00a0\u00a0\u00a0 v\u00a0\u00a0\u00a0 SPZ\u00a0\u00a0 minimalne<\/li>\n<\/ul>\n<p>15 rokov, z toho 5 rokov vo funkcii\u00a0\u00a0\u00a0\u00a0\u00a0\u00a0\u00a0\u00a0\u00a0\u00a0 s celoslovenskou<\/p>\n<p>posobnostou alebo 10 rokov vo funkcii v OkO, alebo<\/p>\n<p>RgO SPZ, alebo organoch zaujmovych klubov SPZ, alebo bol veducim KMPP minimalne 20 rokov<\/p>\n<ol>\n<li>pol\u2019ovmckym zdruzeniam &#8211; za dlhorocne dosahovanie dobrych vysledkov pri plnem uloh alebo kvalitne zabezpecenie akcu okresneho alebo celoslovenskeho vyznamu,<\/li>\n<li>OkO, alebo RgO SPZ &#8211; za dlhorocne dosahovanie dobrych vysledkov pri plneni uloh, alebo za kvalitne zabezpecenie akcii okresneho alebo celoslovenskeho vyznamu,<\/li>\n<li>kynologickym a zaujmovym klubom SPZ &#8211; za dlhorocne dosahovanie dobrych vysledkov pri plneni uloh, alebo za kvalitne zabezpecenie akcii okresneho, alebo celoslovenskeho vyznamu.<\/li>\n<li>Zlatu medailu SPZ mozno udelif, ak od udelenia striebornej medaily SPZ uplynulo minimalne 5 rokov.<\/li>\n<li>Zlaty kamzi&#8217;k<\/li>\n<li>Vyznamenanie pozostava z kovovej medaily na zelenej stuzke a z maleho a veFkeho diplomu podp^saneho prezidentom a viceprezidentom SPZ.<\/li>\n<li>Navrh na vyznamenanie \u201eZlaty kamz^k\u201c moze podaf predstavenstvo OkO, alebo RgO SPZ, zaujmove kluby SPZ, odborne komisie SPZ, kynologicka rada SPZ, kancelaria SPZ a prez^dium SPZ, s vyhradou, ze navrhovatel\u2019 nemoze sam seba navrhnuf na vyznamenanie.<\/li>\n<li>Vyznamenanie \u201eZlaty kamz^k\u201c udel\u2019uje rada SPZ fyzickym osobam, alebo pravnickym osobam, ktore sa mimoriadne zasluzili o rozvoj slovenskeho pol\u2019ovmctva cinnosfou v jeho organoch, zodpovednym plnemm uloh pri organizovani<\/li>\n<\/ol>\n<p>a zabezpecovam akcii celoslovenskeho alebo medzinarodneho vyznamu, vedeckou pracou, umeleckou tvorbou, uspesnou reprezentaciou slovenskeho\u00a0\u00a0\u00a0\u00a0\u00a0\u00a0\u00a0\u00a0\u00a0\u00a0\u00a0\u00a0\u00a0 pol\u2019ovmctva doma, alebo<\/p>\n<p>v zahranicb ci plnemm mimoriadnych uloh na useku pol\u2019ovmctva ak od udelenia Zlatej medaily SPZ uplynulo minimalne 5 rokov.<\/p>\n<ol>\n<li>Medaila svateho Huberta<\/li>\n<li>Slovensky pol\u2019ovmcky zvaz ocenuje mimoriadne zasluhy o vznik a budovanie zvazu, rozvyanie jeho aktivft zameranych na ochranu, zvel\u2019ad\u2019ovanie, zachovavanie tradicii slovenskeho pol\u2019ovmctva a rozvoj pol\u2019ovnictva, ochranu prirody a krajiny a zivotneho prostredia a plnenie d\u2019alsich uloh vyplyvajucich zo vseobecne zavaznych pravnych predpisov upravujucich vykon prava pol\u2019ovmctva, ako aj internych zvazovych predpisov a plnenie uloh vyplyvajucich z uzneseni zvazovych organov.<\/li>\n<li>Ako vyraz ocenenia tychto zasluh udeFuje Slovensky pol\u2019ovmcky zvaz v zmysle \u00a7 3, ods. 11 stanov SPZ nezavisle od ostatnych zvazovych vyznamenam Medailu svateho Huberta.<\/li>\n<li>Medaila svateho Huberta pozostava z kovovej medaile, maleho a veFkeho diplomu podp^saneho prezidentom a viceprezidentom SPZ.<\/li>\n<li>Medailu svateho Huberta udeFuje rada SPZ na navrh prezidia SPZ, odbornych komisii SPZ, kynologickej rady SPZ, zaujmovych klubov SPZ, predstavenstva OkO, alebo RgO SPZ.<\/li>\n<li>Medailu svateho Huberta mozno udelif:<\/li>\n<li>clenom, funkcionarom a pracovmkom SPZ,<\/li>\n<li>cestnym clenom, byvalym funkcionarom a pracovmkom SPZ,<\/li>\n<li>organizacnym jednotkam SPZ,<\/li>\n<li>inym pravnickym, alebo fyzickym osobam, ktore sa mimoriadnou mierou pricinili o rozvoj slovenskeho pol\u2019ovmctva.<\/li>\n<li>Medaila svateho Huberta sa udeluje fyzickym, alebo pravnickym osobam, ktore:<\/li>\n<li>sa ako clenovia SPZ svojou mimoriadnou pracou v zvazovych funkciach, alebo v pol\u2019ovmckej praxi, vyznamne zasluzili o rozvoj slovenskeho pol\u2019ovnictva, alebo sfrenia a zachovavania tradicii slovenskeho pol\u2019ovmctva minimalne na okresnej urovni,<\/li>\n<li>vedeckou cinnosfou na useku pol\u2019ovmctva podstatne prispeli k ochrane a zvefadeniu pol\u2019ovmctva alebo k ochrane prirody,<\/li>\n<li>umeleckou alebo publikacnou cinnosfou alebo uspesnou reprezentaciou slovenskeho pol\u2019ovmctva prispeli k sireniu dobreho mena slovenskeho pol\u2019ovmctva doma, alebo v zahranici,<\/li>\n<li>zabezpecemm ekonomickych zdrojov vyznamnej miery, prispeli k realizacii uloh slovenskeho pol\u2019ovmctva.<\/li>\n<\/ol>\n<p>Clanok III &#8211; Pamatne medaile<\/p>\n<ol start=\"50\">\n<li>Pamatna medaila k 50. vyrociu clenstva v pol\u2019ovnfckej organizacii, Ceskoslovensky myslivecky svaz a SPZ<\/li>\n<li>Pamatna medaila k 50. vyrociu clenstva v CSMS a SPZ pozostava z kovovej medaily, odznaku a diplomu. Diplom podpisuje prezident a predseda osvetovej komisie SPZ.<\/li>\n<li>Pamatnu medailu k 50. vyrociu clenstva v CSMS a SPZ udeluje predstavenstvo OkO, alebo RgO SPZ na zaklade dlzky clenstva v CSMS a SPZ.<\/li>\n<li>Pamatna medaila k 50. vyrociu clenstva v CSMS a SPZ sa udeluje fyzickym osobam &#8211; clenom SPZ, ktory v roku udelenia medaily dovrsili 50 rokov nepretrziteho clenstva v CSMS a SPZ.<\/li>\n<li>Pamatna medaila prezidenta SPZ<\/li>\n<li>Pamatna medaila prezidenta SPZ pozostava z kovovej medaily a diplomu. Diplom podpisuje prezident SPZ.<\/li>\n<li>Pamatnu medailu prezidenta SPZ udeluje:<\/li>\n<li>fyzickym osobam &#8211; polovnicke zdruzenie, predstavenstvo OkO, alebo RgO SPZ, zaujmove kluby SPZ, vyssie organy SPZ,<\/li>\n<li>polovmckvm zdruzeniam &#8211; predstavenstvo OkO, alebo RgO SPZ, vyssie organy SPZ,<\/li>\n<li>OkO, alebo RgO SPZ, zaujmovym klubom SPZ &#8211; vyssie organy SPZ.<\/li>\n<li>Pamatna medaila prezidenta SPZ sa udeFuje:<\/li>\n<li>fyzickym osobam &#8211; clenom SPZ :<\/li>\n<\/ol>\n<p>&#8211; za dlhorocne dosahovanie dobrych vysledkov pri plnem uloh na useku pol\u2019ovmctva, ak clen SPZ dosiahol vek 70 a viac rokov svojho zivota,<\/p>\n<ol>\n<li>poFovnickvm zdruzeniam &#8211; za dlhorocne dosahovanie dobrych vysledkov pri plnem uloh na useku pol\u2019ovmctva, ak dlzka existencie PZ je viac ako 30 rokov,<\/li>\n<li>kynologickym a zaujmovvm klubom SPZ &#8211; za dlhorocne dosahovanie dobrych vysledkov pri plneni uloh, alebo za kvalitne zabezpecenie akcii okresneho, alebo celoslovenskeho vyznamu, ak dlzka existencie klubu je viac ako 20 rokov.<\/li>\n<li>Pamatna medaila k jubileu SPZ<\/li>\n<li>Pamatna medaila k jubileu SPZ pozostava z kovovej medaile a maleho diplomu.<\/li>\n<li>Pamatnu medailu k jubileu SPZ, udeFuje prezident SPZ, pri prilezitosti okruhleho vyrocia zalozenia prvej organizacie zdruzujucej pol\u2019ovmkov na celom uzem^ Slovenska &#8211; Loveckeho ochranneho spolku.<\/li>\n<li>Pamatna medaila sa udeFuje okresnym a regionalnym organizaciam a inym zasluzilym pol\u2019ovmckym subjektom.<\/li>\n<\/ol>\n<p>Clanok IV &#8211; Spolocne ustanovenia<\/p>\n<ol>\n<li>Vyznamenania SPZ vsetkych styroch stupnov -A, B, C a D moze udelif priamo aj rada SPZ na navrh DR SPZ, kancelarie SPZ, odbornych komisii SPZ a kynologickej rady SPZ. Takto udelene vyznamenania sa podl\u2019a miestnej prislusnosti nezapocftavaju do kvoty prislusnej OkO, alebo RgO SPZ.<\/li>\n<li>OkO, alebo RgO SPZ moze kazdorocne navrhnuf a udelif na kazdych aj zacatych 100 clenov jednu bronzovu medailu SPZ. Na kazdych aj zacatych 100 clenov moze udelif a podaf navrh na udelenie jednej striebornej, alebo zlatej medaily SPZ, alebo vyznamenania \u201eZlaty kamz^k\u201c bez ohl\u2019adu na druh a stupen vyznamenania.<\/li>\n<\/ol>\n<p>Ak OkO, alebo RgO SPZ nevycerpa stanovenu kvotu striebornych, alebo zlatych medaiH SPZ, alebo vyznamenania \u201eZlaty kamz^k\u201c, moze o pocet takto neuplatnenych navrhov, na podanie ktorych ma narok, rozsmf pocet udelenych bronzovych medaili SPZ.<\/p>\n<p>Zaujmove kluby mozu navrhnuf na kazdych aj zacatych 100 clenov, len jedno vyznamenanie, bez ohl\u2019adu na jeho druh, alebo stupen a bez ohl\u2019adu na to, ci sa udeluje fyzickej, alebo pravnickej osobe. Bod c. 2 neprejednava kvotu medaile svateho Huberta.<\/p>\n<ol start=\"3\">\n<li>OkO, alebo RgO SPZ, alebo zaujmove kluby, mozu podaf kazdorocne jeden navrh na udelenie medaile svateho Huberta SPZ na kazdych i zacatych 1000 clenov. Navrhy podane ustrednymi organmi, alebo ich komisiami nie su pocetne limitovane.<\/li>\n<li>Vyznamenania A, B, C a D sa udeluju:<\/li>\n<li>pri prilezitosti Mesiaca pol\u2019ovrnctva a ochrany prirody,<\/li>\n<li>pri prilezitosti zivotneho jubilea.<\/li>\n<li>Medaila svateho Huberta SPZ sa udeluje:<\/li>\n<li>pri prilezitosti Dm svateho Huberta vo Svatom Antone,<\/li>\n<li>pri vyznamnych zivotnych jubileach navrhnutych osob, alebo vyrocia vzniku organizacie,<\/li>\n<li>pri jubileach SPZ,<\/li>\n<li>pri navstevach zahranicnych pol\u2019ovrnckych organizacii.<\/li>\n<li>Navrh na vyznamenanie u fyzickych osob musi obsahovaf:<\/li>\n<li>meno a priezvisko navrhovaneho na vyznamenanie,<\/li>\n<li>bydlisko,<\/li>\n<li>datum narodenia,<\/li>\n<li>nazov OkO, alebo RgO SPZ,<\/li>\n<li>clenstvo v SPZ (od roku &#8230;),<\/li>\n<li>doterajsie pol\u2019ovmcke vyznamenania s rokmi ich udelenia,<\/li>\n<li>zdovodnenie navrhu.<\/li>\n<li>Navrh na vyznamenanie u pravnickych osob musi obsahovaf:<\/li>\n<li>nazov organizacie,<\/li>\n<li>sidlo organizacie,<\/li>\n<li>zdovodnenie navrhu.<\/li>\n<li>Evidenciu o udelenych vyznamenaniach vedie organizacna zlozka, ktora vyznamenanie udelila. Centralnu evidenciu o vsetkych vyznamenaniach vedie kancelaria SPZ vo svojej elektronickej databaze.<\/li>\n<li>Jednotlive stupne vyznamenam SPZ mozno udelif jednej osobe len jeden krat.<\/li>\n<li>Predkladacia lehota navrhov na vyznamenania a pamatnych medaili na urovm OkO, alebo RgO SPZ je stanovena do konca decembra predchadzajuceho roka, (cas na spracovanie a posudenie navrhov osvetovych komisii pri OkO, alebo RgO SPZ) a nasledne na urovni ustredia SPZ do konca marca, v ktorom ma byf vyznamenanie udelene.<\/li>\n<li>Naklady spojene s udelenim vyznamenania hrad^ organizacna zlozka SPZ takto:<\/li>\n<li>OkO, alebo RgO SPZ hradia naklady spojene s udelenim vyznamenam, ktore udelili alebo, ktore boli udelene na ich navrh,<\/li>\n<li>kynologicke a zaujmove kluby SPZ hradia naklady spojene s udelenim vyznamenam, ktore boli udelene na ich navrh,<\/li>\n<li>naklady spojene s udelenim ostatnych vyznamenam hradi ustredie SPZ.<\/li>\n<li>Navrhy na vyznamenania predlozene predstavenstvom OkO, resp. RgO SPZ, a to konkretne: Zlata medaila SPZ za vyznamne zasluhy o rozvoj pol\u2019ovmctva na Slovensku, Zlaty kamz^k a medaila Svateho Huberta, odsuhlasuje prislusna Rada OkO resp. RgO SPZ<\/li>\n<\/ol>\n<p>Clanok V &#8211; Sposob odovzdavania a nosenia vyznamenam<\/p>\n<ol>\n<li>Vyraz ocenenia clenom SPZ si zasluhuje dostojne odovzdavanie jednotlivych vyznamenam.<\/li>\n<li>Vyznamenania A, B, C a D sa odporuca odovzdavat slavnostnym sposobom, pri slavnostnych prilezitostiach a podujatiach a na dostojnom mieste. (Takymito prilezitost\u2019ami, sposobmi a miestom su napriklad: pol\u2019ovnicke dni v rezii PZ, OkO, RgO SPZ, zasadnutia rady OkO, alebo RgO SPZ, akcie<\/li>\n<\/ol>\n<p>s tematikou odovzdavania vyznamenani, Hubertovske slavnosti atd\u2019.).<\/p>\n<ol>\n<li>Medaila svateho Huberta sa odovzdava pocas dm svateho Huberta vo Svatom Antone.<\/li>\n<li>Pamatne medaile F, G a H sa odovzdavaju rovnakym sposobom, ako vyznamenania A, B, C a D.<\/li>\n<li>Medaila sa nosi na saku pol\u2019ovnickeho obleku &#8211; uniformy. Pripma sa nad l\u2019ave prsne vrecko. Z troch stupnov bronz, striebro a zlato sa nosi vzdy iba najvyssie. Pamatna medaila &#8211; odznak sa pripma po Tavej strane medaily za vyznamne zasluhy o rozvoj pol\u2019ovmctva na Slovensku. Na chlopnu saka sa umiestnuju odznaky prislusnosti ku klubu SPZ (napr. odznak klubu trubacov) a dalsie odznaky vyjadrujuce prislusnost\u2019 k organizacii.<\/li>\n<\/ol>\n<p>Clanok VI &#8211; Zaverecne ustanovenia<\/p>\n<ol>\n<li>Tieto smernice schvalila rada SPZ podTa \u00a7 12 ods. 4 pismeno b) Stanov SPZ na zasadnuti rady SPZ dna 30. 05. 2015 a nadobudne ucinnost od: 1.1. 2016.<\/li>\n<\/ol>\n<p>OkO a RgO SPZ a tiez zaujmove a kynologicke kluby nahlasuju navrhy na vyznamenania do 31. marca prislusneho kalendarneho roka prostredmctvom SIS SPK.<\/p>\n<ol start=\"2\">\n<li>Tymto stracaju platnosf:<\/li>\n<li>Smernice SPZ pre vyznamenanie za vyznamne zasluhy o rozvoj slovenskeho pol\u2019ovnictva schvalene radou SPZ dna 25.10.1997 a doplnenia a zmeny tejto smernice schvalenej radou SPZ dna 30.5.1998.<\/li>\n<li>Smernice SPZ o udel\u2019ovani Medaily svateho Huberta schvalene radou SPZ zo dna 25.10.1997.<\/li>\n<\/ol>\n<p>Ing. Tibor Lebocky, PhD., v.r.<br \/>\nprezident SPZ<\/p>\n<p>Ing. Robert Komjati-Nagy, v.r.<br \/>\npredseda OsK SPZ<\/p>\n<p>PaedDr. Imrich Suba, PhD., v.r.<br \/>\nriaditel\u2019 K SPZ<\/p>\n","protected":false},"excerpt":{"rendered":"<p>Smernica Slovensk\u00e9ho po\u013eovn\u00edckeho zv\u00e4zu o ude\u013eovan\u00ed vyznamenan\u00ed\u00a0 \u010cl\u00e1nok I &#8211; Druhy vyznamenan\u00ed \u010cl\u00e1nok II &#8211; Vyznamenania SPZ Bronzova medaila SPZ za vyznamne zasluhy o rozvoj pol\u2019ovmctva na Slovensku Strieborna medaila SPZ za vyznamne zasluhy o rozvoj pol\u2019ovmctva na Slovensku Zlata medaila SPZ za vyznamne zasluhy o rozvoj pol\u2019ovmctva na Slovensku Zlaty kamzik Medaila svateho Huberta [&hellip;]<\/p>\n","protected":false},"author":1,"featured_media":508,"parent":0,"menu_order":0,"comment_status":"closed","ping_status":"closed","template":"","meta":{"footnotes":""},"class_list":["post-2152","page","type-page","status-publish","has-post-thumbnail","hentry"],"jetpack_sharing_enabled":true,"_links":{"self":[{"href":"http:\/\/www.polovnictvotn.eu.sk\/index.php?rest_route=\/wp\/v2\/pages\/2152","targetHints":{"allow":["GET"]}}],"collection":[{"href":"http:\/\/www.polovnictvotn.eu.sk\/index.php?rest_route=\/wp\/v2\/pages"}],"about":[{"href":"http:\/\/www.polovnictvotn.eu.sk\/index.php?rest_route=\/wp\/v2\/types\/page"}],"author":[{"embeddable":true,"href":"http:\/\/www.polovnictvotn.eu.sk\/index.php?rest_route=\/wp\/v2\/users\/1"}],"replies":[{"embeddable":true,"href":"http:\/\/www.polovnictvotn.eu.sk\/index.php?rest_route=%2Fwp%2Fv2%2Fcomments&post=2152"}],"version-history":[{"count":3,"href":"http:\/\/www.polovnictvotn.eu.sk\/index.php?rest_route=\/wp\/v2\/pages\/2152\/revisions"}],"predecessor-version":[{"id":2162,"href":"http:\/\/www.polovnictvotn.eu.sk\/index.php?rest_route=\/wp\/v2\/pages\/2152\/revisions\/2162"}],"wp:featuredmedia":[{"embeddable":true,"href":"http:\/\/www.polovnictvotn.eu.sk\/index.php?rest_route=\/wp\/v2\/media\/508"}],"wp:attachment":[{"href":"http:\/\/www.polovnictvotn.eu.sk\/index.php?rest_route=%2Fwp%2Fv2%2Fmedia&parent=2152"}],"curies":[{"name":"wp","href":"https:\/\/api.w.org\/{rel}","templated":true}]}}